m be w/g - 1/(-3). Give y(m).
-11
Let x(a) = -a**3 - 9*a**2 - 4*a. Let o be 76/57 - (-1)/((-3)/28). Determine x(o).
-32
Suppose -g - 4*g = 0. Let u(r) be the second derivative of r**4/12 - 3*r**2/2 - 224*r. Give u(g).
-3
Let y(f) = -f**3 + f - 1. Let a(w) = -2*w**3 + 17*w**2 + 3*w + 2. Let p(r) = -a(r) + 3*y(r). Let z be p(-17). Let x(j) = j**2 + 7*j + 6. Determine x(z).
-4
Suppose 5*o - 35 = 5*x - 0*o, 0 = 4*x + 5*o + 73. Let l be (0 + 0)/(12/x). Suppose -s - 3 + 6 = l. Let j(u) = -2*u + 4. Calculate j(s).
-2
Suppose 0 = -q + 2*h, -3*h + 1 - 6 = q. Let m(a) = 1298*a + 1298*a - 2 - 2597*a. Give m(q).
0
Suppose n = -1 + 4. Let y be (n/(-6))/((-3)/6). Let a(x) = -1 - 6 + x + x**2 + x**3 + y. What is a(0)?
-6
Let b(n) be the third derivative of -n**7/840 + n**6/60 - n**5/60 - 7*n**4/24 - 5*n**3/3 - 15*n**2. Let k(p) be the first derivative of b(p). Determine k(5).
8
Let t(x) be the third derivative of 2/3*x**3 + 0*x + 0 - 7*x**2 - 1/6*x**4. Let h(b) = -9*b + 7. Let m(i) = 4*h(i) - 7*t(i). What is m(-1)?
8
Let x(g) = -9*g - 1. Let z = 28 - 64. Let b = 34 + z. What is x(b)?
17
Let o(j) = j**2 - 2. Suppose -62*w = -63*w + 115. Let d = 115 - w. Give o(d).
-2
Let v(w) = -29*w**2 - 11*w - 8. Let g(c) = -10*c**2 - 4*c - 3. Let j(b) = 8*g(b) - 3*v(b). Let t = 68 - 66. Suppose -61*n - t = -59*n. Calculate j(n).
6
Let t(v) be the second derivative of v**5/20 + v**4/3 + v**2 + 12*v. Calculate t(-3).
11
Let h = 3783 + -2186. Let k(f) = -1 + 1598*f**2 + 6 - 9*f - h*f**2. What is k(7)?
-9
Let w be (0 - -2) + -6 + -1. Let v(u) be the first derivative of -u**5/120 + u**4/4 + 17*u**3/3 + 14. Let f(q) be the third derivative of v(q). Determine f(w).
11
Let w(a) be the third derivative of a**5/60 - 5*a**4/24 + a**3/6 + 123*a**2. Give w(5).
1
Let y be (-1)/(-1) + -1*1. Suppose y = -4*n - 7 + 19. Let h(g) = 2*g**2 - 3*g + 2. Give h(n).
11
Let s = 91 + -86. Suppose -s + 1 = -u. Let v(r) = r**3 - 4*r**2 + r + 3. Give v(u).
7
Suppose 5*i - 19 = 31. Let x be (-8)/(3/((-15)/i)). Let g(n) = -n**3 + 5*n**2 - 5*n + 2. Determine g(x).
-2
Let r(t) = 7*t**3 - 4*t**2 + 2*t**2 - 4*t - 5*t**3 - 1. Let d be (-1)/(-3) + 2016/756. Give r(d).
23
Let i(y) = -5*y**2 + 10*y + 14. Let h(m) = -10*m**2 + 18*m + 25. Let j(q) = -4*h(q) + 7*i(q). Give j(2).
14
Suppose -120 = 4*k - 116. Let l(i) = 7*i**2 + 2*i. Give l(k).
5
Let f(s) = 2*s**2 - 4*s + 3. Let d(o) = -o**3 + 9*o**2 - 7*o - 4. Let v be d(8). Suppose -8*l = -v*l - 16. Determine f(l).
19
Let j(y) = -3*y - 17. Let p = -278 + 273. Determine j(p).
-2
Let i(h) = -8*h**2 + 29*h + 20. Let l(s) = s**2 - s - 3. Let j(v) = -i(v) - 5*l(v). What is j(8)?
-5
Let w(u) = -u**3 - 10*u**2 - 10*u - 9. Suppose -2*v - 88 = 4*h, -2*v + v + 2*h = 32. Let b = v + 29. Give w(b).
0
Let q(k) be the third derivative of -k**6/120 - 2*k**5/15 - 13*k**4/24 - 3*k**3/2 + 936*k**2. What is q(-6)?
-3
Suppose -6*w - 44 = -74. Let f(h) = 2*h**2 - 11*h + 1. What is f(w)?
-4
Suppose 8*c - 21 + 69 = 0. Let l(x) = -2*x - 2. What is l(c)?
10
Let m be (9 - 10)*(1 + -3 - -1). Let n be m/(-7) + (-609)/(-147). Let l(s) = -s**2 + 2*s + 5. What is l(n)?
-3
Let z = 2682 - 2689. Let l(i) = -i**2 - 11*i - 38. Give l(z).
-10
Let b(q) = 2*q**2 - q**2 + 0*q**2 + 6*q - 2*q**2 - 4. Suppose -2*x + 25 = -5*r, 3*r + 24 = 3*x - 0*x. Suppose -3*j + 2 = -x*l, 3 = -2*j + 2*l + 7. Give b(j).
4
Suppose 3*i = 31 + 17. Suppose 4*q - 2*h = 3*q - 6, 0 = 2*q - 5*h + i. Let d(t) = 3*t + 2 - 6*t - 3*t. Determine d(q).
-10
Let h(v) = 2*v**3 - 11*v**2 + 2*v + 21. Let r be h(5). Let j(u) = -u**2 + 3*u - 2. Calculate j(r).
-20
Let b = 18 + -12. Let y be (-30)/(-20)*4/b. Let a(o) be the first derivative of o**4 - o**3/3 - o**2/2 + o - 3. Calculate a(y).
3
Let x(u) = -u**2 - 9*u - 4. Let t be (-7)/((-28)/8) - 28. Let j = t - -20. What is x(j)?
14
Let x(u) be the second derivative of -u**5/4 - u**4/6 + u**3/6 + 2*u. Suppose -215*w + 2 = -213*w. Determine x(w).
-6
Let o = -17 + 20. Suppose 3*f = -15, j - 9 = o*j + 3*f. Let d(r) = -2*r + r + r**3 + 3*r - j + 4*r**2 + 9. What is d(-4)?
-2
Let a(n) = 5*n - 2*n - 4*n + 1. Let r be 2*(4/(-3) - 30/180). Give a(r).
4
Let u(r) = -409 - 411 + 1243 - 410 + 2*r. Determine u(-6).
1
Let b(l) = 4*l - 3. Let q(y) = -y + 1. Let c be (-7 - (1 + 3)) + 4. Let a(o) = c*q(o) - 2*b(o). Determine a(-8).
7
Let s = -24 + 26. Let g(m) be the first derivative of 1/4*m**4 - 5/3*m**3 + 3 + 2*m + 3/2*m**s. Give g(3).
-7
Let b(u) = -4 + 4*u**2 + 3 + 3 - 1. Let v(x) = 84*x - 419. Let j be v(5). Calculate b(j).
5
Let n = -97 - -97. Let y(v) = -v**3 - v**2 + 33. Give y(n).
33
Let t = 7 - 1. Let s = 8 - t. Let l(b) = -53*b - 1 + 42*b + s. What is l(1)?
-10
Let w(p) = -p**2 + 7*p + 2. Suppose -216*i = -211*i - 25. Give w(i).
12
Let c(o) be the first derivative of 1/3*o**3 + 3*o - 3/2*o**2 + 1. Calculate c(2).
1
Let x(o) = -168*o - 5 + 153*o + 0 + 2 + 4. Suppose -2*g - 2*g + 4 = 0. Give x(g).
-14
Let f(l) = 28*l + 10. Let s(g) = -7*g - 2. Let j(p) = -2*f(p) - 9*s(p). Let d(u) = u + 4. Let o be d(-6). What is j(o)?
-16
Suppose -10*n + 12*n + 2*a = 8, -3*n = -2*a - 2. Let s(l) be the third derivative of 0 + 0*l + 5/24*l**4 - 5*l**n + 2/3*l**3 - 1/60*l**5. Give s(6).
-2
Suppose 21*b + 99 + 69 = 0. Let y(z) = z**3 + 10*z**2 + 5*z - 6. Give y(b).
82
Let x(s) = 33*s + 14. Let p be x(0). Let u(n) = -n**2 + 14*n - 7. Determine u(p).
-7
Let k(q) be the second derivative of q**5/20 - 5*q**4/12 - 3*q**3/2 + 5*q**2/2 + 557*q. Determine k(6).
-13
Suppose 13*z - 30 = -2*z. Let i(s) = -7*s**2 + 73 - 2*s - s**3 - z*s - 66 - 2*s. Determine i(-5).
-13
Let w(n) be the third derivative of 0*n - 5/24*n**4 + 1/2*n**3 + 0 + 14*n**2. Determine w(3).
-12
Let j(y) = -y**2 + 7*y - 1. Let o(a) = a**3 + 4*a**2 - 6*a. Let w be o(-5). Suppose -2*s + 4 = 3*z, -w*z - s + 10 = 1. Let h be 3*z/((-6)/(-5)). Give j(h).
9
Let k(s) = -s**3 - s**2 - s - 5. Let u(i) = -4*i**2 - i - 13. Let m(n) = -2*k(n) + u(n). Give m(2).
7
Suppose 0*o + o - 5 = 0. Let k(b) be the second derivative of b**4/12 - 5*b**3/6 + 3*b**2 + b. Calculate k(o).
6
Let i(a) be the second derivative of -a**5/20 - a**4/6 + 12*a + 4. Suppose 0 = p - 4*p - 6. Determine i(p).
0
Let d = -67 - -66. Suppose o = 2 - 0. Let k(p) = 2*p - 4*p**2 + 0 - p**o + 1. Calculate k(d).
-6
Suppose -11*q - 10*q = 0. Let z(c) be the third derivative of 0 + 1/60*c**5 + 0*c**4 + 0*c + c**2 + 4/3*c**3. Calculate z(q).
8
Let c(t) be the second derivative of t**4/12 + t**3/2 - t**2/2 - 4*t - 70. Give c(-6).
17
Let q(s) = -5*s - 37. Suppose -b - 3*r - 25 = 0, 5*b = -107*r + 105*r - 60. What is q(b)?
13
Suppose 23*l - 21 = 20*l. Let g(w) = w**3 - 7*w**2. Give g(l).
0
Let n(u) = 107 - 2*u + 104 - 219. Determine n(-7).
6
Let u(a) = a**3 + 11*a**2 + 4*a + 2. Let r(g) = -2*g**3 - 22*g**2 - 7*g - 6. Let q(v) = 4*r(v) + 9*u(v). Give q(-10).
14
Let a be (-77 - -2)*(-2)/(36/6). Suppose -a = -2*b - 3*b. Let z(g) = g + 3*g - g**2 + 2*g. Determine z(b).
5
Let o(k) = -k**2 - 12*k + 7. Suppose 3*p + 56 = 4*q, -p + 0*p = -q + 17. Determine o(p).
7
Let f = 48 - 42. Let i = -3 + 5. Let j(r) = 5*r**2 - 5*r**2 + 2*r**i - 6*r - 4 - r**2. Calculate j(f).
-4
Let q(v) = -v**2 + 5*v + 6. Let i be q(7). Let r(f) be the third derivative of f**5/60 + f**4/3 + f**3 + 11*f**2. Determine r(i).
6
Suppose 0*t + 6*t = 108. Let p = -14 + t. Suppose -p + 22 = 3*h. Let l(v) = 2*v - 9. Calculate l(h).
3
Let k(j) = 19*j**2 + 7 + 29*j**2 - 5 - 11*j - 47*j**2 + 2. Give k(10).
-6
Let r(o) = 0*o - o - 2*o. Let t be (-66)/(-176)*(-4)/3*-2. What is r(t)?
-3
Let d be (-1 + 0)/((-2)/10). Let f(z) = 4*z**2 - d*z**3 + 2*z - 1 + 0*z**2 - 5*z**2. Let b be -6*1/(-4) + 2/(-4). What is f(b)?
-5
Let t(g) = g**3 - 5*g**2 - 4*g - 7. Let b be t(6). Suppose 5*u = -4*k + 5, 5*u = 2*k - k + b. Let x(l) = -2*l**3 + 1. Calculate x(u).
-1
Let g(m) be the third derivative of m**4/8 - 35*m**3/6 - 2*m**2 + 32*m. Give g(13).
4
Let v(f) = -f + 1. Let g be 3 + (-1 - -1 - 4). Let s(w) = 5*w**3 - 2*w**2 - 2*w - 1. Let d be s(g). Determine v(d).
7
Suppose 2*l + l = 3. Let d(z) = 9*z**2 - 2*z + 1. Let p be d(l). Let t(v) = -2*v + v - p + 2*v + 0*v. Determine t(4).
-4
Let m(s) = 3*s**2 + 4*s + 2. Let j(w) = 8*w**2 + 11*w + 7. Suppose -11 = -0*l - l. Let z(n) = l*m(n) - 4*j(n). Calculate z(-5).
19
Suppose 9*r = 4*r + 2*x - 31, 3*x = -2*r - 20. Let d be 4/(-2) - r/(